{"id":2181,"date":"2021-03-23T12:36:35","date_gmt":"2021-03-23T11:36:35","guid":{"rendered":"http:\/\/mikolow.eu\/odpady\/?page_id=2181"},"modified":"2025-02-05T12:52:26","modified_gmt":"2025-02-05T11:52:26","slug":"pszok-zasady-przyjmowania","status":"publish","type":"page","link":"https:\/\/mikolow.eu\/odpady\/gospodarowanie-odpadami\/pszok-mikolow\/pszok-zasady-przyjmowania\/","title":{"rendered":"Zasady przyjmowania odpad\u00f3w"},"content":{"rendered":"\n<p class=\"has-background\" style=\"background-color:#f7f7f7\">Przy korzystaniu z Punktu Selektywnego Zbierania Odpad\u00f3w Komunalnych (PSZOK) przy ul. M.Dzie\u0144dziela 44 w Miko\u0142owie obowi\u0105zuj\u0105 nast\u0119puj\u0105ce zasady:<\/p>\n\n\n\n<p class=\"has-text-align-left\"><strong>1.W przypadku nieruchomo\u015bci zamieszka\u0142ej, zabudowanej budynkiem jednorodzinnym oraz nieruchomo\u015bci, na kt\u00f3rej znajduje si\u0119 domek letniskowy lub nieruchomo\u015bci wykorzystywanej na cele rekreacyjno-wypoczynkowe:<\/strong><\/p>\n\n\n\n<p>a) w\u0142a\u015bciciele <strong>posiadaj\u0105cy kart\u0119 PSZOK<\/strong> lub osoby oddaj\u0105ce odpady w imieniu tych w\u0142a\u015bcicieli okazuj\u0105 kart\u0119 PSZOK;<\/p>\n\n\n\n<p>b) w\u0142a\u015bciciele <strong>nie posiadaj\u0105cy karty PSZOK <\/strong>musz\u0105 okaza\u0107 kopi\u0119 deklaracji o wysoko\u015bci op\u0142aty za gospodarowanie odpadami komunalnymi z\u0142o\u017con\u0105 przez w\u0142a\u015bciciela nieruchomo\u015bci lub potwierdzenie przelewu bankowego\/dow\u00f3d wp\u0142aty w kasie Urz\u0119du Miasta kwoty stanowi\u0105cej op\u0142at\u0119 za gospodarowanie odpadami oraz dow\u00f3d osobisty;<\/p>\n\n\n\n<p>c) osoby oddaj\u0105ce odpady w imieniu w\u0142a\u015bcicieli <strong>nie  posiadaj\u0105cych karty PSZOK  <\/strong>musz\u0105 okaza\u0107 o\u015bwiadczenie w sprawie przekazania odpad\u00f3w do PSZOK -u przez dostawc\u0119 innego ni\u017c w\u0142a\u015bciciel nieruchomo\u015bci (upowa\u017cnienie do transportu za\u0142. 2) oraz kopi\u0119 deklaracji o wysoko\u015bci op\u0142aty za gospodarowanie odpadami komunalnymi z\u0142o\u017con\u0105 przez w\u0142a\u015bciciela nieruchomo\u015bci lub potwierdzenie przelewu bankowego\/dow\u00f3d wp\u0142aty w kasie Urz\u0119du Miasta kwoty stanowi\u0105cej op\u0142at\u0119 za gospodarowanie odpadami  oraz dow\u00f3d osobisty;<\/p>\n\n\n\n<p><\/p>\n\n\n\n<p><strong>2. W przypadku nieruchomo\u015bci wielorodzinnej (blok, kamienica)<\/strong>:<\/p>\n\n\n\n<p>a) w\u0142a\u015bciciele\/najemcy lokali okazuj\u0105 o\u015bwiadczenie administratora budynku oraz dow\u00f3d osobisty;<\/p>\n\n\n\n<p>b) osoby oddaj\u0105ce odpady w imieniu w\u0142a\u015bciciela\/najemcy lokalu okazuj\u0105 o\u015bwiadczenie w sprawie przekazania odpad\u00f3w do PSZOK -u przez dostawc\u0119 innego ni\u017c w\u0142a\u015bciciel nieruchomo\u015bci (upowa\u017cnienie do transportu za\u0142. 2) oraz o\u015bwiadczenie administratora budynku oraz dow\u00f3d osobisty.<\/p>\n\n\n\n<p class=\"has-text-align-center has-background\" style=\"background-color:#f7f7f7\"><strong>RODZAJE<\/strong> <strong>ODPAD\u00d3W PRZYJMOWANYCH BEZPO\u015aREDNIO NA PSZOK<\/strong><\/p>\n\n\n\n<div class=\"wp-block-columns is-layout-flex wp-container-core-columns-is-layout-9d6595d7 wp-block-columns-is-layout-flex\">\n<div class=\"wp-block-column is-layout-flow wp-block-column-is-layout-flow\" style=\"flex-basis:100%\">\n<figure class=\"wp-block-table aligncenter is-style-regular\"><table class=\"has-black-color has-text-color has-link-color\"><tbody><tr><td class=\"has-text-align-center\" data-align=\"center\" colspan=\"3\"><br><strong>ODPADY PRZYJMOWANE NA PSZOK<\/strong> <strong>BEZ LIMITU<\/strong><\/td><\/tr><tr><td class=\"has-text-align-center\" data-align=\"center\"><strong>Nazwa odpadu<\/strong><\/td><td class=\"has-text-align-center\" data-align=\"center\" colspan=\"2\"><strong>Limit Mg\/rok<\/strong><\/td><\/tr><tr><td class=\"has-text-align-center\" data-align=\"center\">Opakowania z papieru i tektury (np. kartony, gazety, tekturowe pude\u0142ka itp.)<\/td><td class=\"has-text-align-center\" data-align=\"center\" colspan=\"2\">&#8211;<\/td><\/tr><tr><td class=\"has-text-align-center\" data-align=\"center\">Tworzywa sztuczne, w tym opakowania z tworzyw sztucznych (np. butelki oraz pojemniki plastikowe nie zawieraj\u0105ce substancji niebezpiecznych, worki i torby foliowe)<\/td><td class=\"has-text-align-center\" data-align=\"center\" colspan=\"2\">&#8211;<\/td><\/tr><tr><td class=\"has-text-align-center\" data-align=\"center\">Szk\u0142o, w tym opakowania ze szk\u0142a (np. s\u0142oiki oraz butelki po napojach)<\/td><td class=\"has-text-align-center\" data-align=\"center\" colspan=\"2\">&#8211;<\/td><\/tr><tr><td class=\"has-text-align-center\" data-align=\"center\">Metale, w tym opakowania z metali (np. puszki po napojach i konserwach)<\/td><td class=\"has-text-align-center\" data-align=\"center\" colspan=\"2\">&#8211;<\/td><\/tr><tr><td class=\"has-text-align-center\" data-align=\"center\">Odpady tekstyli\u00f3w i odzie\u017cy<\/td><td class=\"has-text-align-center\" data-align=\"center\" colspan=\"2\">&#8211;<\/td><\/tr><tr><td class=\"has-text-align-center\" data-align=\"center\">Oleje jadalne z gospodarstw domowych<\/td><td class=\"has-text-align-center\" data-align=\"center\" colspan=\"2\">&#8211;<br><\/td><\/tr><tr><td class=\"has-text-align-center\" data-align=\"center\">Odpady opakowaniowe wielomateria\u0142owe (np. kartony po mleku lub soku)<\/td><td class=\"has-text-align-center\" data-align=\"center\" colspan=\"2\">&#8211;<\/td><\/tr><tr><td class=\"has-text-align-center\" data-align=\"center\">Bioodpady (odpady ulegaj\u0105ce biodegradacji : trawa, li\u015bcie, ga\u0142\u0119zie o d\u0142ugo\u015bci do 1,5 m)<\/td><td class=\"has-text-align-center\" data-align=\"center\" colspan=\"2\">&#8211;<\/td><\/tr><tr><td class=\"has-text-align-center\" data-align=\"center\">Zu\u017cyty sprz\u0119t elektryczny i elektroniczny (w stanie kompletnym)<\/td><td class=\"has-text-align-center\" data-align=\"center\" colspan=\"2\">&#8211;<\/td><\/tr><tr><td class=\"has-text-align-center\" data-align=\"center\">Zu\u017cyte baterie<\/td><td class=\"has-text-align-center\" data-align=\"center\" colspan=\"2\">&#8211;<\/td><\/tr><tr><td class=\"has-text-align-center\" data-align=\"center\">Odpady niekwalifikuj\u0105ce si\u0119 do odpad\u00f3w medycznych, kt\u00f3re powsta\u0142y w gospodarstwie domowym w wyniku przyjmowania produkt\u00f3w leczniczych w formie iniekcji i prowadzenia monitoringu poziomu substancji we krwi, w szczeg\u00f3lno\u015bci ig\u0142y i strzykawki<\/td><td class=\"has-text-align-center\" data-align=\"center\" colspan=\"2\">&#8211;<\/td><\/tr><tr><td class=\"has-text-align-center\" data-align=\"center\">Przeterminowane leki i chemikalia, przy czym chemikalia musz\u0105 znajdowa\u0107 si\u0119 w szczelnych i nieuszkodzonych pojemnikach oraz posiada\u0107 informacj\u0119 umo\u017cliwiaj\u0105c\u0105 poprawn\u0105 identyfikacj\u0119 odpadu (np. oryginaln\u0105 etykiet\u0119 producenta)<\/td><td class=\"has-text-align-center\" data-align=\"center\" colspan=\"2\">&#8211;<\/td><\/tr><tr><td class=\"has-text-align-center\" data-align=\"center\">Popi\u00f3\u0142 i \u017cu\u017cel paleniskowy<\/td><td class=\"has-text-align-center\" data-align=\"center\" colspan=\"2\">&#8211;<\/td><\/tr><tr><td class=\"has-text-align-center\" data-align=\"center\">Odpady niebezpieczne pochodz\u0105ce z gospodarstw domowych (w tym opakowania po olejach innych ni\u017c jadalne), przy czym- odpady takie musz\u0105 znajdowa\u0107 si\u0119 w nieuszkodzonych i szczelnych pojemnikach oraz posiada\u0107 informacj\u0119 umo\u017cliwiaj\u0105c\u0105 poprawn\u0105 identyfikacj\u0119 odpadu (np. oryginaln\u0105 etykiet\u0119 producenta)<\/td><td class=\"has-text-align-center\" data-align=\"center\" colspan=\"2\"><br>&#8211;<\/td><\/tr><tr><td class=\"has-text-align-center\" data-align=\"center\" colspan=\"3\"><br><strong>ODPADY PRZYJMOWANE NA PSZOK<\/strong> <strong>Z LIMITEM<\/strong><br><\/td><\/tr><tr><td class=\"has-text-align-center\" data-align=\"center\"><strong>Nazwa odpadu<\/strong><\/td><td class=\"has-text-align-center\" data-align=\"center\"><strong>Limit                     Mg\/rok<\/strong><\/td><td><strong>Op\u0142ata za                                                                przekroczenie              limitu<\/strong><\/td><\/tr><tr><td class=\"has-text-align-center\" data-align=\"center\">Zu\u017cyte opony (z samochod\u00f3w osobowych, motocykli lub rower\u00f3w)<\/td><td class=\"has-text-align-center\" data-align=\"center\"><strong>0,1<\/strong><\/td><td><strong>664,61 z\u0142 za 1 Mg<\/strong><\/td><\/tr><tr><td class=\"has-text-align-center\" data-align=\"center\">Odpady budowlane i rozbi\u00f3rkowe z gospodarstw domowych (odpady betonu, gruz betonowy lub ceglany, usuni\u0119te tynki, tapety, ceramika, papa, szyby materia\u0142y izolacyjne, opakowania po farbach, lakierach, rozpuszczalnikach)<\/td><td class=\"has-text-align-center\" data-align=\"center\"><strong>0,2<\/strong><\/td><td><strong>706,96 z\u0142 za 1 Mg<\/strong><\/td><\/tr><tr><td class=\"has-text-align-center\" data-align=\"center\">Odpady wielkogabarytowe (meble, dywany, wyk\u0142adziny, fotele itp.)<\/td><td class=\"has-text-align-center\" data-align=\"center\"><strong>0,3<\/strong><\/td><td><strong>882,73 z\u0142 za 1 Mg<\/strong><\/td><\/tr><\/tbody><\/table><\/figure>\n<\/div>\n<\/div>\n\n\n\n<div class=\"wp-block-columns is-layout-flex wp-container-core-columns-is-layout-9d6595d7 wp-block-columns-is-layout-flex\">\n<div class=\"wp-block-column is-layout-flow wp-block-column-is-layout-flow\" style=\"flex-basis:90%\">\n<div style=\"height:9px\" aria-hidden=\"true\" class=\"wp-block-spacer\"><\/div>\n\n\n\n<p class=\"has-text-color\" style=\"color:#498105\"><strong>UWAGA! Prosimy o staranne posegregowanie odpad\u00f3w przed przyjazdem na PSZOK. <\/strong><\/p>\n\n\n\n<p class=\"has-text-color\" style=\"color:#498105\"><a href=\"http:\/\/Uchwala_332-2021_cennik odpady ponad limit.pdf\">http:\/\/Uchwala_332-2021_cennik odpady ponad limit.pdf<\/a><\/p>\n<\/div>\n\n\n\n<div class=\"wp-block-column is-layout-flow wp-block-column-is-layout-flow\" style=\"flex-basis:33.33%\"><\/div>\n<\/div>\n\n\n\n<p class=\"has-background\" style=\"background-color:#f7f7f7\"><a href=\"https:\/\/zuk.mikolow.eu\/punkt-selektywnej-zbiorki-odpadow-komunalnych\/informacje-ogolne\">https:\/\/zuk.mikolow.eu\/punkt-selektywnej-zbiorki-odpadow-komunalnych\/informacje-ogolne<\/a><\/p>\n\n\n\n<div style=\"height:168px\" aria-hidden=\"true\" class=\"wp-block-spacer\"><\/div>\n\n\n\n<p><\/p>\n","protected":false},"excerpt":{"rendered":"<p>Przy korzystaniu z Punktu Selektywnego Zbierania Odpad\u00f3w Komunalnych (PSZOK) przy ul. M.Dzie\u0144dziela 44 w Miko\u0142owie obowi\u0105zuj\u0105 nast\u0119puj\u0105ce zasady: 1.W przypadku nieruchomo\u015bci zamieszka\u0142ej, zabudowanej budynkiem jednorodzinnym oraz nieruchomo\u015bci, na kt\u00f3rej znajduje si\u0119 domek letniskowy lub nieruchomo\u015bci wykorzystywanej na cele rekreacyjno-wypoczynkowe: a) w\u0142a\u015bciciele posiadaj\u0105cy kart\u0119 PSZOK lub osoby oddaj\u0105ce odpady w imieniu tych w\u0142a\u015bcicieli okazuj\u0105 kart\u0119 PSZOK;<\/p>\n","protected":false},"author":20,"featured_media":179,"parent":2175,"menu_order":0,"comment_status":"closed","ping_status":"closed","template":"przyroda.php","meta":{"_acf_changed":false,"footnotes":""},"class_list":["post-2181","page","type-page","status-publish","has-post-thumbnail","hentry"],"acf":[],"yoast_head":"<!-- This site is optimized with the Yoast SEO plugin v27.4 - https:\/\/yoast.com\/product\/yoast-seo-wordpress\/ -->\n<title>Zasady przyjmowania odpad\u00f3w - odpady<\/title>\n<meta name=\"robots\" content=\"index, follow, max-snippet:-1, max-image-preview:large, max-video-preview:-1\" \/>\n<link rel=\"canonical\" href=\"https:\/\/mikolow.eu\/odpady\/gospodarowanie-odpadami\/pszok-mikolow\/pszok-zasady-przyjmowania\/\" \/>\n<meta property=\"og:locale\" content=\"pl_PL\" \/>\n<meta property=\"og:type\" content=\"article\" \/>\n<meta property=\"og:title\" content=\"Zasady przyjmowania odpad\u00f3w - odpady\" \/>\n<meta property=\"og:description\" content=\"Przy korzystaniu z Punktu Selektywnego Zbierania Odpad\u00f3w Komunalnych (PSZOK) przy ul. M.Dzie\u0144dziela 44 w Miko\u0142owie obowi\u0105zuj\u0105 nast\u0119puj\u0105ce zasady: 1.W przypadku nieruchomo\u015bci zamieszka\u0142ej, zabudowanej budynkiem jednorodzinnym oraz nieruchomo\u015bci, na kt\u00f3rej znajduje si\u0119 domek letniskowy lub nieruchomo\u015bci wykorzystywanej na cele rekreacyjno-wypoczynkowe: a) w\u0142a\u015bciciele posiadaj\u0105cy kart\u0119 PSZOK lub osoby oddaj\u0105ce odpady w imieniu tych w\u0142a\u015bcicieli okazuj\u0105 kart\u0119 PSZOK;\" \/>\n<meta property=\"og:url\" content=\"https:\/\/mikolow.eu\/odpady\/gospodarowanie-odpadami\/pszok-mikolow\/pszok-zasady-przyjmowania\/\" \/>\n<meta property=\"og:site_name\" content=\"odpady\" \/>\n<meta property=\"article:modified_time\" content=\"2025-02-05T11:52:26+00:00\" \/>\n<meta property=\"og:image\" content=\"http:\/\/mikolow.eu\/odpady\/wp-content\/uploads\/sites\/13\/2020\/03\/mulltonnen-3979757_640.jpg\" \/>\n\t<meta property=\"og:image:width\" content=\"640\" \/>\n\t<meta property=\"og:image:height\" content=\"426\" \/>\n\t<meta property=\"og:image:type\" content=\"image\/jpeg\" \/>\n<meta name=\"twitter:card\" content=\"summary_large_image\" \/>\n<meta name=\"twitter:label1\" content=\"Szacowany czas czytania\" \/>\n\t<meta name=\"twitter:data1\" content=\"4 minuty\" \/>\n<script type=\"application\/ld+json\" class=\"yoast-schema-graph\">{\"@context\":\"https:\\\/\\\/schema.org\",\"@graph\":[{\"@type\":\"WebPage\",\"@id\":\"https:\\\/\\\/mikolow.eu\\\/odpady\\\/gospodarowanie-odpadami\\\/pszok-mikolow\\\/pszok-zasady-przyjmowania\\\/\",\"url\":\"https:\\\/\\\/mikolow.eu\\\/odpady\\\/gospodarowanie-odpadami\\\/pszok-mikolow\\\/pszok-zasady-przyjmowania\\\/\",\"name\":\"Zasady przyjmowania odpad\u00f3w - odpady\",\"isPartOf\":{\"@id\":\"https:\\\/\\\/mikolow.eu\\\/odpady\\\/#website\"},\"primaryImageOfPage\":{\"@id\":\"https:\\\/\\\/mikolow.eu\\\/odpady\\\/gospodarowanie-odpadami\\\/pszok-mikolow\\\/pszok-zasady-przyjmowania\\\/#primaryimage\"},\"image\":{\"@id\":\"https:\\\/\\\/mikolow.eu\\\/odpady\\\/gospodarowanie-odpadami\\\/pszok-mikolow\\\/pszok-zasady-przyjmowania\\\/#primaryimage\"},\"thumbnailUrl\":\"https:\\\/\\\/mikolow.eu\\\/odpady\\\/wp-content\\\/uploads\\\/sites\\\/13\\\/2020\\\/03\\\/mulltonnen-3979757_640.jpg\",\"datePublished\":\"2021-03-23T11:36:35+00:00\",\"dateModified\":\"2025-02-05T11:52:26+00:00\",\"breadcrumb\":{\"@id\":\"https:\\\/\\\/mikolow.eu\\\/odpady\\\/gospodarowanie-odpadami\\\/pszok-mikolow\\\/pszok-zasady-przyjmowania\\\/#breadcrumb\"},\"inLanguage\":\"pl-PL\",\"potentialAction\":[{\"@type\":\"ReadAction\",\"target\":[\"https:\\\/\\\/mikolow.eu\\\/odpady\\\/gospodarowanie-odpadami\\\/pszok-mikolow\\\/pszok-zasady-przyjmowania\\\/\"]}]},{\"@type\":\"ImageObject\",\"inLanguage\":\"pl-PL\",\"@id\":\"https:\\\/\\\/mikolow.eu\\\/odpady\\\/gospodarowanie-odpadami\\\/pszok-mikolow\\\/pszok-zasady-przyjmowania\\\/#primaryimage\",\"url\":\"https:\\\/\\\/mikolow.eu\\\/odpady\\\/wp-content\\\/uploads\\\/sites\\\/13\\\/2020\\\/03\\\/mulltonnen-3979757_640.jpg\",\"contentUrl\":\"https:\\\/\\\/mikolow.eu\\\/odpady\\\/wp-content\\\/uploads\\\/sites\\\/13\\\/2020\\\/03\\\/mulltonnen-3979757_640.jpg\",\"width\":640,\"height\":426},{\"@type\":\"BreadcrumbList\",\"@id\":\"https:\\\/\\\/mikolow.eu\\\/odpady\\\/gospodarowanie-odpadami\\\/pszok-mikolow\\\/pszok-zasady-przyjmowania\\\/#breadcrumb\",\"itemListElement\":[{\"@type\":\"ListItem\",\"position\":1,\"name\":\"Strona g\u0142\u00f3wna\",\"item\":\"https:\\\/\\\/mikolow.eu\\\/odpady\\\/\"},{\"@type\":\"ListItem\",\"position\":2,\"name\":\"GOSPODAROWANIE ODPADAMI\",\"item\":\"https:\\\/\\\/mikolow.eu\\\/odpady\\\/gospodarowanie-odpadami\\\/\"},{\"@type\":\"ListItem\",\"position\":3,\"name\":\"PSZOK\",\"item\":\"https:\\\/\\\/mikolow.eu\\\/odpady\\\/gospodarowanie-odpadami\\\/pszok-mikolow\\\/\"},{\"@type\":\"ListItem\",\"position\":4,\"name\":\"Zasady przyjmowania odpad\u00f3w\"}]},{\"@type\":\"WebSite\",\"@id\":\"https:\\\/\\\/mikolow.eu\\\/odpady\\\/#website\",\"url\":\"https:\\\/\\\/mikolow.eu\\\/odpady\\\/\",\"name\":\"odpady\",\"description\":\"odpady\",\"publisher\":{\"@id\":\"https:\\\/\\\/mikolow.eu\\\/odpady\\\/#organization\"},\"potentialAction\":[{\"@type\":\"SearchAction\",\"target\":{\"@type\":\"EntryPoint\",\"urlTemplate\":\"https:\\\/\\\/mikolow.eu\\\/odpady\\\/?s={search_term_string}\"},\"query-input\":{\"@type\":\"PropertyValueSpecification\",\"valueRequired\":true,\"valueName\":\"search_term_string\"}}],\"inLanguage\":\"pl-PL\"},{\"@type\":\"Organization\",\"@id\":\"https:\\\/\\\/mikolow.eu\\\/odpady\\\/#organization\",\"name\":\"odpady\",\"url\":\"https:\\\/\\\/mikolow.eu\\\/odpady\\\/\",\"logo\":{\"@type\":\"ImageObject\",\"inLanguage\":\"pl-PL\",\"@id\":\"https:\\\/\\\/mikolow.eu\\\/odpady\\\/#\\\/schema\\\/logo\\\/image\\\/\",\"url\":\"https:\\\/\\\/mikolow.eu\\\/odpady\\\/wp-content\\\/uploads\\\/sites\\\/13\\\/2020\\\/04\\\/cropped-logo_v16-1.png\",\"contentUrl\":\"https:\\\/\\\/mikolow.eu\\\/odpady\\\/wp-content\\\/uploads\\\/sites\\\/13\\\/2020\\\/04\\\/cropped-logo_v16-1.png\",\"width\":1013,\"height\":250,\"caption\":\"odpady\"},\"image\":{\"@id\":\"https:\\\/\\\/mikolow.eu\\\/odpady\\\/#\\\/schema\\\/logo\\\/image\\\/\"}}]}<\/script>\n<!-- \/ Yoast SEO plugin. -->","yoast_head_json":{"title":"Zasady przyjmowania odpad\u00f3w - odpady","robots":{"index":"index","follow":"follow","max-snippet":"max-snippet:-1","max-image-preview":"max-image-preview:large","max-video-preview":"max-video-preview:-1"},"canonical":"https:\/\/mikolow.eu\/odpady\/gospodarowanie-odpadami\/pszok-mikolow\/pszok-zasady-przyjmowania\/","og_locale":"pl_PL","og_type":"article","og_title":"Zasady przyjmowania odpad\u00f3w - odpady","og_description":"Przy korzystaniu z Punktu Selektywnego Zbierania Odpad\u00f3w Komunalnych (PSZOK) przy ul. M.Dzie\u0144dziela 44 w Miko\u0142owie obowi\u0105zuj\u0105 nast\u0119puj\u0105ce zasady: 1.W przypadku nieruchomo\u015bci zamieszka\u0142ej, zabudowanej budynkiem jednorodzinnym oraz nieruchomo\u015bci, na kt\u00f3rej znajduje si\u0119 domek letniskowy lub nieruchomo\u015bci wykorzystywanej na cele rekreacyjno-wypoczynkowe: a) w\u0142a\u015bciciele posiadaj\u0105cy kart\u0119 PSZOK lub osoby oddaj\u0105ce odpady w imieniu tych w\u0142a\u015bcicieli okazuj\u0105 kart\u0119 PSZOK;","og_url":"https:\/\/mikolow.eu\/odpady\/gospodarowanie-odpadami\/pszok-mikolow\/pszok-zasady-przyjmowania\/","og_site_name":"odpady","article_modified_time":"2025-02-05T11:52:26+00:00","og_image":[{"width":640,"height":426,"url":"http:\/\/mikolow.eu\/odpady\/wp-content\/uploads\/sites\/13\/2020\/03\/mulltonnen-3979757_640.jpg","type":"image\/jpeg"}],"twitter_card":"summary_large_image","twitter_misc":{"Szacowany czas czytania":"4 minuty"},"schema":{"@context":"https:\/\/schema.org","@graph":[{"@type":"WebPage","@id":"https:\/\/mikolow.eu\/odpady\/gospodarowanie-odpadami\/pszok-mikolow\/pszok-zasady-przyjmowania\/","url":"https:\/\/mikolow.eu\/odpady\/gospodarowanie-odpadami\/pszok-mikolow\/pszok-zasady-przyjmowania\/","name":"Zasady przyjmowania odpad\u00f3w - odpady","isPartOf":{"@id":"https:\/\/mikolow.eu\/odpady\/#website"},"primaryImageOfPage":{"@id":"https:\/\/mikolow.eu\/odpady\/gospodarowanie-odpadami\/pszok-mikolow\/pszok-zasady-przyjmowania\/#primaryimage"},"image":{"@id":"https:\/\/mikolow.eu\/odpady\/gospodarowanie-odpadami\/pszok-mikolow\/pszok-zasady-przyjmowania\/#primaryimage"},"thumbnailUrl":"https:\/\/mikolow.eu\/odpady\/wp-content\/uploads\/sites\/13\/2020\/03\/mulltonnen-3979757_640.jpg","datePublished":"2021-03-23T11:36:35+00:00","dateModified":"2025-02-05T11:52:26+00:00","breadcrumb":{"@id":"https:\/\/mikolow.eu\/odpady\/gospodarowanie-odpadami\/pszok-mikolow\/pszok-zasady-przyjmowania\/#breadcrumb"},"inLanguage":"pl-PL","potentialAction":[{"@type":"ReadAction","target":["https:\/\/mikolow.eu\/odpady\/gospodarowanie-odpadami\/pszok-mikolow\/pszok-zasady-przyjmowania\/"]}]},{"@type":"ImageObject","inLanguage":"pl-PL","@id":"https:\/\/mikolow.eu\/odpady\/gospodarowanie-odpadami\/pszok-mikolow\/pszok-zasady-przyjmowania\/#primaryimage","url":"https:\/\/mikolow.eu\/odpady\/wp-content\/uploads\/sites\/13\/2020\/03\/mulltonnen-3979757_640.jpg","contentUrl":"https:\/\/mikolow.eu\/odpady\/wp-content\/uploads\/sites\/13\/2020\/03\/mulltonnen-3979757_640.jpg","width":640,"height":426},{"@type":"BreadcrumbList","@id":"https:\/\/mikolow.eu\/odpady\/gospodarowanie-odpadami\/pszok-mikolow\/pszok-zasady-przyjmowania\/#breadcrumb","itemListElement":[{"@type":"ListItem","position":1,"name":"Strona g\u0142\u00f3wna","item":"https:\/\/mikolow.eu\/odpady\/"},{"@type":"ListItem","position":2,"name":"GOSPODAROWANIE ODPADAMI","item":"https:\/\/mikolow.eu\/odpady\/gospodarowanie-odpadami\/"},{"@type":"ListItem","position":3,"name":"PSZOK","item":"https:\/\/mikolow.eu\/odpady\/gospodarowanie-odpadami\/pszok-mikolow\/"},{"@type":"ListItem","position":4,"name":"Zasady przyjmowania odpad\u00f3w"}]},{"@type":"WebSite","@id":"https:\/\/mikolow.eu\/odpady\/#website","url":"https:\/\/mikolow.eu\/odpady\/","name":"odpady","description":"odpady","publisher":{"@id":"https:\/\/mikolow.eu\/odpady\/#organization"},"potentialAction":[{"@type":"SearchAction","target":{"@type":"EntryPoint","urlTemplate":"https:\/\/mikolow.eu\/odpady\/?s={search_term_string}"},"query-input":{"@type":"PropertyValueSpecification","valueRequired":true,"valueName":"search_term_string"}}],"inLanguage":"pl-PL"},{"@type":"Organization","@id":"https:\/\/mikolow.eu\/odpady\/#organization","name":"odpady","url":"https:\/\/mikolow.eu\/odpady\/","logo":{"@type":"ImageObject","inLanguage":"pl-PL","@id":"https:\/\/mikolow.eu\/odpady\/#\/schema\/logo\/image\/","url":"https:\/\/mikolow.eu\/odpady\/wp-content\/uploads\/sites\/13\/2020\/04\/cropped-logo_v16-1.png","contentUrl":"https:\/\/mikolow.eu\/odpady\/wp-content\/uploads\/sites\/13\/2020\/04\/cropped-logo_v16-1.png","width":1013,"height":250,"caption":"odpady"},"image":{"@id":"https:\/\/mikolow.eu\/odpady\/#\/schema\/logo\/image\/"}}]}},"_links":{"self":[{"href":"https:\/\/mikolow.eu\/odpady\/wp-json\/wp\/v2\/pages\/2181","targetHints":{"allow":["GET"]}}],"collection":[{"href":"https:\/\/mikolow.eu\/odpady\/wp-json\/wp\/v2\/pages"}],"about":[{"href":"https:\/\/mikolow.eu\/odpady\/wp-json\/wp\/v2\/types\/page"}],"author":[{"embeddable":true,"href":"https:\/\/mikolow.eu\/odpady\/wp-json\/wp\/v2\/users\/20"}],"replies":[{"embeddable":true,"href":"https:\/\/mikolow.eu\/odpady\/wp-json\/wp\/v2\/comments?post=2181"}],"version-history":[{"count":140,"href":"https:\/\/mikolow.eu\/odpady\/wp-json\/wp\/v2\/pages\/2181\/revisions"}],"predecessor-version":[{"id":3900,"href":"https:\/\/mikolow.eu\/odpady\/wp-json\/wp\/v2\/pages\/2181\/revisions\/3900"}],"up":[{"embeddable":true,"href":"https:\/\/mikolow.eu\/odpady\/wp-json\/wp\/v2\/pages\/2175"}],"wp:featuredmedia":[{"embeddable":true,"href":"https:\/\/mikolow.eu\/odpady\/wp-json\/wp\/v2\/media\/179"}],"wp:attachment":[{"href":"https:\/\/mikolow.eu\/odpady\/wp-json\/wp\/v2\/media?parent=2181"}],"curies":[{"name":"wp","href":"https:\/\/api.w.org\/{rel}","templated":true}]}}